me?
True
Is 7138603 a composite number?
False
Is 5581309 a composite number?
False
Is 1122481 composite?
False
Is 114034579 a composite number?
False
Is 881928239 composite?
True
Is 1232339 prime?
True
Is 6320487 a composite number?
True
Is 8784301 composite?
False
Is 13983731 composite?
True
Is 2150359 a prime number?
False
Is 311096554 composite?
True
Is 4781167 composite?
False
Is 609893 composite?
True
Is 4557899 a prime number?
False
Is 80266943 composite?
False
Is 8433769 prime?
True
Is 12936797 a prime number?
False
Is 1915113 prime?
False
Is 33862315 a composite number?
True
Is 2444879 composite?
True
Is 2077587485 a prime number?
False
Is 62442437 a composite number?
False
Is 291532387 prime?
True
Is 194846579 a composite number?
False
Is 761858 a prime number?
False
Is 7655489 a composite number?
False
Is 129450413 prime?
True
Is 33621637 composite?
True
Is 142356719 prime?
True
Is 240146929 prime?
False
Is 13361209 prime?
True
Is 33372689 a prime number?
False
Is 235273 composite?
False
Is 974459 prime?
True
Is 12536621 a composite number?
False
Is 4415591 composite?
False
Is 405957 a composite number?
True
Is 14880659 a prime number?
True
Is 24185417 a prime number?
True
Is 110289947 composite?
True
Is 31638697 composite?
False
Is 18525619 a prime number?
False
Is 103995523 composite?
True
Is 146343079 a prime number?
True
Is 17004011 prime?
True
Is 65172257 composite?
True
Is 1952213 a prime number?
False
Is 24604399 prime?
False
Is 12573109 prime?
False
Is 12107659 a composite number?
False
Is 5470733 a composite number?
False
Is 196787 composite?
True
Is 46396529 a composite number?
True
Is 1590047 composite?
False
Is 23680091 prime?
True
Is 80556227 composite?
True
Is 69001957 a composite number?
True
Is 777509 a prime number?
False
Is 22709371 a prime number?
False
Is 70424463 a composite number?
True
Is 320359307 a prime number?
True
Is 20817229 a prime number?
True
Is 11271107 prime?
True
Is 8045117 a composite number?
False
Is 2397041 a prime number?
True
Is 1473437 a prime number?
False
Is 49288511 composite?
False
Is 236661973 prime?
False
Is 360183157 a prime number?
False
Is 339463 composite?
True
Is 40852697 a composite number?
True
Is 1345061 a prime number?
False
Is 72762197 prime?
True
Is 728389 a prime number?
False
Is 2223489 composite?
True
Is 259306597 composite?
True
Is 1560817 a composite number?
False
Is 55235 prime?
False
Is 3135677 a prime number?
True
Is 755296753 composite?
False
Is 2060222 composite?
True
Is 1264411 a prime number?
True
Is 1395161 composite?
True
Is 27966283 a composite number?
False
Is 1546837 a prime number?
True
Is 221699305 prime?
False
Is 3362641 a prime number?
False
Is 150779 prime?
True
Is 106734185 a prime number?
False
Is 92781553 composite?
True
Is 8174401 composite?
False
Is 8809471 a composite number?
True
Is 265551251 prime?
False
Is 67728847 composite?
True
Is 2391223 a prime number?
False
Is 27131047 composite?
True
Is 114272981 composite?
False
Is 36551983 a composite number?
True
Is 894154921 prime?
False
Is 182489 composite?
False
Is 347550146 composite?
True
Is 578807 a composite number?
True
Is 3894833 a prime number?
True
Is 7367401 prime?
True
Is 611909999 a prime number?
True
Is 17315479 a composite number?
True
Is 8806339 a composite number?
True
Is 18012647 a composite number?
False
Is 9873505 composite?
True
Is 166472561 composite?
False
Is 879587 a prime number?
False
Is 818364341 prime?
True
Is 12823249 prime?
False
Is 10806359 a prime number?
True
Is 166847767 prime?
True
Is 102071 prime?
True
Is 11217667 a composite number?
False
Is 2858699 composite?
False
Is 22316599 a prime number?
True
Is 437843 composite?
True
Is 11680517 prime?
False
Is 6327326 prime?
False
Is 524005 composite?
True
Is 4786079 composite?
False
Is 314984477 composite?
False
Is 33204421 a prime number?
True
Is 1718917 a composite number?
True
Is 18658181 a prime number?
True
Is 157430437 prime?
True
Is 1697431 a composite number?
True
Is 11715029 prime?
True
Is 357623713 composite?
True
Is 438967 prime?
True
Is 1342057 prime?
False
Is 251390603 a composite number?
False
Is 347319773 composite?
True
Is 71548327 a composite number?
True
Is 5743861 prime?
True
Is 23019907 prime?
True
Is 38501237 a composite number?
True
Is 76144847 a composite number?
False
Is 5870815 a prime number?
False
Is 31057747 prime?
False
Is 2053001 prime?
True
Is 3602273 a composite number?
True
Is 40060633 prime?
False
Is 49855123 prime?
True
Is 8384687 a composite number?
False
Is 273084205 prime?
False
Is 2123939 a prime number?
True
Is 4543849 prime?
False
Is 74406037 a composite number?
False
Is 41394343 a prime number?
True
Is 215409541 a composite number?
True
Is 1676069 a composite number?
False
Is 30427 composite?
False
Is 61500971 composite?
True
Is 522386245 a composite number?
True
Is 3105383 a prime number?
False
Is 1230689 composite?
False
Is 1860421 composite?
False
Is 929001 composite?
True
Is 12729659 a prime number?
False
Is 2815019 prime?
False
Is 2178343 a composite number?
False
Is 8124199 prime?
True
Is 4709389 a composite number?
True
Is 210347 a composite number?
False
Is 4048793 prime?
False
Is 40076587 prime?
False
Is 40022183 composite?
True
Is 9054653 a prime number?
True
Is 10323443 a prime number?
False
Is 4950685 a prime number?
False
Is 140232727 composite?
False
Is 25833859 prime?
True
Is 672555997 composite?
True
Is 137413 a prime number?
True
Is 16814549 a composite number?
True
Is 41070043 a composite number?
True
Is 148767847 a prime number?
True
Is 3638839 a composite number?
True
Is 790583 prime?
True
Is 55181123 composite?
False
Is 4824833 composite?
True
Is 696793 a composite number?
False
Is 3256381 a prime number?
False
Is 124104801 a prime number?
False
Is 314136683 prime?
False
Is 6588551 a prime number?
True
Is 130916663 prime?
False
Is 6191737 a prime number?
True
Is 223588193 a composite number?
False
Is 26807779 prime?
False
Is 6563327 a composite number?
False
Is 22411231 composite?
False
Is 81208255 composite?
True
Is 3411799 prime?
False
Is 21365887 prime?
True
Is 1908353 a composite number?
True
Is 587579 prime?
True
Is 155558327 composite?
False
Is 4974497 prime?
False
Is 14663513 a composite number?
False
Is 14714813 prime?
True
Is 39874069 a composite number?
False
Is 12411859 a composite number?
False
Is 1898059 a composite number?
True
Is 4391003 a composite number?
False
Is 44212751 a composite number?
True
Is 12645439 a prime number?
True
Is 750859 a prime number?
False
Is 6656153 composite?
True
Is 19642513 composite?
True
Is 35546171 a prime number?
False
Is 1039189 a prime number?
False
Is 34200169 a composite number?
False
Is 4591339 prime?
False
Is 2733254 prime?
False
Is 131663221 prime?
True
Is 2734697 a composite number?
True
Is 11734251 a prime number?
False
Is 36615253 composite?
False
Is 20264677 composite?
True
Is 77233721 a prime number?
True
Is 5745403 prime?
True
Is 911919793 a composite number?
False
Is 317116463 a prime number?
True
Is 544853 a composite number?
True
Is 821959 a prime number?
False
Is 19170601 a prime number?
False
Is 20683241 composite?
False
Is 68818781 a composite number?
False
Is 3952201 prime?
False
Is 56430761 composite?
False
Is 1111139 a prime number?
False
Is 1353857 composite?
False
Is 3686651 prime?
True
Is 1421689 prime?
True
Is 4254217 prime?
False
Is 1255519 a composite number?
False
Is 66559691 a prime number?
False
Is 82301 prime?
True
Is 13417307 a prime number?
True
Is 1067687 prime?
True
Is 108343 a prime number?
True
Is 42236701 a composite number?
True
Is 1233779 prime?
True
Is 464351 composite?
False
Is 339272593 a prime number?
False
Is 37483837 prime?
True
Is 89200499 prime?
False
Is 53741533 a prime number?
False
Is 26879947 a composite number?
False
Is 1060804307 a composite number?
False
Is 17837977 composite?
False
Is 7723853 prime?
True
Is 5744957 composite?
False
Is 9165173 prime?
True
Is 46059787 prime?
True
Is 1257359 a prime number?
True
Is 239414123 prime?
False
Is 305839 a prime number?
True
Is 67379134 prime?
False
Is 6724093 a composite number?
False
Is 7246651 a composite number?
True
Is 4900601 composite?
False
Is 2213089 prime?
False
Is 54792563 composite?
True
Is 284407 prime